actors of (-16)/(-44) + (-275592)/(-66).
2, 3, 29
Suppose 2718*j - 686753 = 2676*j + 272695. List the prime factors of j.
2, 5711
Let t = 63 - 62. Suppose -2*s + 18 = 4*d, t + 2 = d. Suppose 0 = -4*g + 2*y + 76, 0 = s*g - y - 0*y - 58. List the prime factors of g.
2, 5
Let f = 6667 - 4567. Suppose 3*n + 267 - f = 0. What are the prime factors of n?
13, 47
Let t(b) = 2*b - 9. Let j be t(4). Let v be 1 + (4 - (j - -4)). List the prime factors of v - (4 - 6)/(2/107).
109
Let y = 4870 - 1450. Suppose -211*t + 216*t - y = 0. List the prime factors of t.
2, 3, 19
Suppose 5*v + 2*d = 5005, 2*d = -v + 360 + 641. Let a = 2127 - v. What are the prime factors of a?
2, 563
Let u = 60 + -53. Suppose u = 3*i + 10. Let l(r) = -105*r. What are the prime factors of l(i)?
3, 5, 7
Let d = 681 + -1134. Let i = d - -988. List the prime factors of i.
5, 107
Suppose 24*n - 13054 = 1058. Let h = n - 282. What are the prime factors of h?
2, 3, 17
Let v be (2 - 1)/((-3)/9). Let r be 5/30*v*-40. Suppose 6*b = 3*b - 5*l + 29, -4*l = 2*b - r. What are the prime factors of b?
2
Let a(q) = q**3 - 20*q**2 + 44*q - 5. Let k be a(4). Let p(z) = -z**3 + 2*z**2 - 2*z + 5. Let t be p(-4). Let o = k + t. List the prime factors of o.
2, 3
Suppose 0 = 4*m + 20, -3*z + 28277 = -2*m - 16235. What are the prime factors of z?
2, 7417
Let p(n) = 2*n**2 + 30*n + 17. Let l = -350 + 330. What are the prime factors of p(l)?
7, 31
Let v(d) = 10 - 42 - 6*d - 54*d. List the prime factors of v(-4).
2, 13
Let y = -1 + 10. Let q(k) = 40*k + 48. What are the prime factors of q(y)?
2, 3, 17
Let n(g) = -g + 18 + 2*g + 0 - 12. Let l be n(-4). What are the prime factors of l*6/4 + (9 - -112)?
2, 31
Suppose -28860 = -1532*p + 1502*p. What are the prime factors of p?
2, 13, 37
Let w(u) = 8043*u**3 + 4*u**2 + 20*u - 22. List the prime factors of w(1).
5, 1609
Suppose 0 = -3*w + 3, 4*a + 3*w - 2885 - 874 = 0. Let j = -432 + a. List the prime factors of j.
3, 13
Suppose 14*s - 1062400 = -16*s - 50*s. What are the prime factors of s?
2, 5, 83
Suppose -3492 = 20*h - 14*h. List the prime factors of (h/4)/((-33)/22).
97
Let a = -62 + 60. Let d(k) = -54*k - 5. Let l be d(a). Let h = l + 1. What are the prime factors of h?
2, 13
Suppose -4*x + 2*k - 9 = -3, 4*x = -3*k + 19. Let j be (x + 1 + 12/(-8))*-2. Let a = 32 + j. What are the prime factors of a?
31
Let a(y) = 4880*y - 4027. What are the prime factors of a(5)?
3, 6791
Suppose 52*w - 45*w - 141043 = 0. Suppose 0 = -15*l + w - 4429. What are the prime factors of l?
2, 131
Let r(i) = -24*i - 13. Let h be r(-2). What are the prime factors of 516 - 42/h*5?
2, 3, 5, 17
Suppose -p + 60336 = 12*p - 4*p. What are the prime factors of p?
2, 419
Suppose -332 = -3*g - 353. List the prime factors of (-1162)/g + 18/((-9)/(-3)).
2, 43
Let b(l) = 66*l - 16. Let a be b(11). Suppose 0 = 67*p - 72*p - a. Let y = p + 252. List the prime factors of y.
2, 5, 11
Let j(g) = 36*g**2 - 52*g + 330. List the prime factors of j(20).
2, 5, 37
Suppose 0 = q + 4*q - 785. Let m = 1864 - 1803. Suppose 0 = -2*h + m + q. What are the prime factors of h?
109
Suppose -113*h + 1386942 = 91*h - 65*h. List the prime factors of h.
2, 3, 1663
Let k(v) = -3515*v - 42. List the prime factors of k(-1).
23, 151
Let b(t) = 1334*t + 504. List the prime factors of b(4).
2, 5, 73
Suppose -3*u = 205 - 211. Suppose -u*r = -4*m - 7*r + 211, 4*m - 3*r - 219 = 0. List the prime factors of m.
2, 3
Let n(o) = -32 + o + o - 3*o - 4623*o**2 + 4624*o**2 - 13*o**3. What are the prime factors of n(-4)?
2, 5, 41
Suppose -3*y = 3*q - 0*q - 9, 2*y + 3*q - 6 = 0. What are the prime factors of ((-2)/(-4))/(y/19008*9)?
2, 11
Suppose 0 = 6*o - 9 + 3. Let l(w) = -w**2 + w. Let u be l(o). Suppose 3*p - 12 = f - 35, u = 2*f - 3*p - 49. What are the prime factors of f?
2, 13
Let g be ((18/(-5))/(-3))/(21/(-105)). Let w be 1 - (g - -5 - (-4 + 2)). Suppose w = 4*c - 20, -4*c + 161 = -0*p + 3*p. List the prime factors of p.
47
Let x = 11 + -10. Suppose -3*f + x = -5. Suppose 405 = 4*p - o, -p - o - f*o = -111. List the prime factors of p.
2, 3, 17
Suppose 4*c - 2*s = 10, 3*c = -5*s + 19 - 5. Let i be (133 + 0)*(-35)/((-665)/38). Suppose v = 2*f + 74, -v = c*v - 2*f - i. List the prime factors of v.
2
Let t(n) = 2*n**2 - 8*n - 13. Let m be t(5). Let r be -1 + ((-2)/m - 44/12). What are the prime factors of (-157)/r - 5/20?
3, 13
Suppose -5*s + k = -s - 165, -209 = -5*s + 4*k. Let i = s - 38. Suppose -i*q + 210 = 27. List the prime factors of q.
61
Let f be (-2*2/3)/(52/156). Let z(t) = 8*t + 36. Let s be z(f). List the prime factors of (86/s)/(1/10).
5, 43
Suppose 333*n + 48539 = l + 331*n, 5*n = -3*l + 145562. List the prime factors of l.
13, 3733
Let h be 108/(-30)*335/(-2). Suppose 0 = -25*m + 34*m - h. What are the prime factors of m?
67
Let h be (1/2*6)/(2/6). Let w(q) = h*q**2 + 0*q + 2 + 0*q**2 + 2*q - 6*q. What are the prime factors of w(2)?
2, 3, 5
Suppose -91*l + 357037 = -881473. What are the prime factors of l?
2, 5, 1361
Let x(u) = 29*u + 20. Let v(d) = -10*d - 7. Let p(o) = -17*v(o) - 6*x(o). Let n be p(9). Let f = n + 63. What are the prime factors of f?
2, 13
Suppose 92*v - 255368 = 24*v + 347044. What are the prime factors of v?
3, 2953
Suppose -29*v - 54333 = -445224. What are the prime factors of v?
3, 4493
Suppose 6*s - 10499 = 5*g - 36937, 15872 = 3*g + s. What are the prime factors of g?
2, 5, 23
Suppose -37*r + 216353 = 11521. List the prime factors of r.
2, 173
Suppose 3*w + 4*m - 19061 = 16608, 2*m - 47572 = -4*w. List the prime factors of w.
3, 5, 13, 61
Let s(j) be the third derivative of j**5/60 - 5*j**4/24 + 41*j**3/6 + 13*j**2. Suppose 33 + 23 = 7*b. List the prime factors of s(b).
5, 13
Let g(q) = 10*q**2 + 6*q**2 - 21 - 4*q**3 + 16*q**3 + 2*q + 6*q**2 - 21*q**2. List the prime factors of g(4).
3, 257
Let b = -14 + 17. Let p(o) = -o**2 + 2*o - 7. Let a be p(b). Let g(z) = -z**3 - 9*z**2 + 8*z + 13. List the prime factors of g(a).
3, 11
Let p = -16 - -6. Suppose 0 = -0*s + 8*s + 8. List the prime factors of s*(-35)/(-7)*142/p.
71
Suppose 1 = -2*u - 29. Let r = -12 - u. Suppose -2*h - r + 25 = 0. List the prime factors of h.
11
Let h = -225 + 227. What are the prime factors of (-1)/8*h - 2565/(-4)?
641
Let j = 119889 - 62417. List the prime factors of j.
2, 449
Let r be (-21)/35 - 2/(-5)*124. Let h be (-4 - r/(-14)) + 206/(-4). List the prime factors of (h/(-3))/((-2)/(-9)).
2, 3, 13
Suppose -5*x + 2*i + 42159 = 0, i - 8422 = 31*x - 32*x. What are the prime factors of x?
8429
Suppose 3*a + 8376 = 5*w + 7*a, -2*w + 5*a = -3324. Suppose -115*d - w = -119*d. What are the prime factors of d?
2, 11, 19
Let v(y) = -y**3 + y**2 + 41*y - 6. Let f be v(-6). List the prime factors of ((-209)/(-57))/(1/57 - f).
11, 19
Suppose -4*i - 3*p = -243484 - 26820, -3*i = -2*p - 202745. List the prime factors of i.
67579
Let a(z) = 2*z**3 + 9*z**2 - 7*z - 5. Let j be a(-5). Suppose -4*t + 3 = -1, 43 = -j*k - 2*t. List the prime factors of (-133)/(-3*(-3)/k).
7, 19
Let s = 187 - 234. Let m = 469 + s. What are the prime factors of m?
2, 211
Suppose 0 = 5*y + 43795 - 188385. List the prime factors of y.
2, 19, 761
Suppose 0*s - 3*s + 9210 = -2*j, 0 = -4*s - 4*j + 12260. Suppose 13*c - 15938 = -s. List the prime factors of c.
2, 3, 5, 11
Suppose 4*g = -3*u + 7*u + 1140, 0 = 4*g + 5*u - 1185. Suppose -14*v + 15*v - g = 0. What are the prime factors of v?
2, 5, 29
Suppose -x = k + 2*x + 4, 5*k - 2*x + 3 = 0. List the prime factors of (-5 - -321) + k + -2.
313
Let r be 4/(-42)*-39 - (-6)/21. Let t(c) = 163*c + 95. What are the prime factors of t(r)?
3, 83
Let u(x) = -15*x - 18*x + 3 + 13*x - 10*x. Let b be u(-1). Suppose 0 = 4*p - 309 + b. What are the prime factors of p?
3, 23
Suppose 2*h - 210 = u - 17, 12 = 4*u. Let o = 100 + h. What are the prime factors of o?
2, 3, 11
Let a = -493 - -461. List the prime factors of 34611/45 + a/240.
769
Suppose -4*j + 156 + 6 = -2*y, -j + 3 = 0. Suppose 2*r - 17 = -3*x, -4 - 4 = -r - x. Let z = r - y. What are the prime factors of z?
2, 41
List the prime factors of (-10)/(-135) + (-6912720)/(-1944).
2, 7, 127
Suppose -3*o - 238*u + 11353 = -240*u, 0 = -4*o - 3*u + 15126. List the prime factors of o.
3, 13, 97
Let m be -7*((-1)/1 + 0 + -3). Let x be (-1)/4 - ((-147)/m)/1. Let l = 103 - x. Li